60 is divided by 143.
117
What is the remainder when 60 is divided by 30?
0
What is the remainder when 1272 is divided by 54?
30
Calculate the remainder when 453 is divided by 119.
96
Calculate the remainder when 742 is divided by 93.
91
What is the remainder when 28 is divided by 18?
10
Calculate the remainder when 652 is divided by 48.
28
Calculate the remainder when 53 is divided by 7.
4
Calculate the remainder when 3397 is divided by 10.
7
What is the remainder when 7151 is divided by 311?
309
Calculate the remainder when 206 is divided by 56.
38
What is the remainder when 57 is divided by 15?
12
Calculate the remainder when 93 is divided by 25.
18
Calculate the remainder when 196 is divided by 50.
46
Calculate the remainder when 617 is divided by 3.
2
Calculate the remainder when 351 is divided by 19.
9
What is the remainder when 304 is divided by 22?
18
Calculate the remainder when 44 is divided by 13.
5
What is the remainder when 458 is divided by 27?
26
Calculate the remainder when 263 is divided by 90.
83
Calculate the remainder when 134 is divided by 25.
9
Calculate the remainder when 1364 is divided by 8.
4
Calculate the remainder when 15467 is divided by 10.
7
Calculate the remainder when 153 is divided by 23.
15
Calculate the remainder when 5797 is divided by 40.
37
What is the remainder when 251 is divided by 129?
122
Calculate the remainder when 9119 is divided by 3037.
8
Calculate the remainder when 382 is divided by 125.
7
Calculate the remainder when 355 is divided by 184.
171
What is the remainder when 504 is divided by 113?
52
Calculate the remainder when 253 is divided by 51.
49
What is the remainder when 459 is divided by 7?
4
Calculate the remainder when 21745 is divided by 166.
165
Calculate the remainder when 6 is divided by 1.
0
Calculate the remainder when 121 is divided by 30.
1
Calculate the remainder when 1106 is divided by 5.
1
Calculate the remainder when 139 is divided by 35.
34
What is the remainder when 2985 is divided by 200?
185
What is the remainder when 483 is divided by 96?
3
Calculate the remainder when 11713 is divided by 293.
286
What is the remainder when 45 is divided by 24?
21
What is the remainder when 201 is divided by 32?
9
What is the remainder when 81 is divided by 22?
15
What is the remainder when 2182 is divided by 363?
4
What is the remainder when 456 is divided by 79?
61
What is the remainder when 635 is divided by 57?
8
What is the remainder when 358 is divided by 24?
22
What is the remainder when 335 is divided by 56?
55
What is the remainder when 961 is divided by 904?
57
Calculate the remainder when 177 is divided by 61.
55
What is the remainder when 123 is divided by 84?
39
What is the remainder when 5830 is divided by 1931?
37
What is the remainder when 7934 is divided by 32?
30
Calculate the remainder when 265 is divided by 74.
43
Calculate the remainder when 82 is divided by 21.
19
Calculate the remainder when 388 is divided by 65.
63
What is the remainder when 1224 is divided by 318?
270
Calculate the remainder when 23 is divided by 12.
11
Calculate the remainder when 167 is divided by 29.
22
Calculate the remainder when 818 is divided by 167.
150
Calculate the remainder when 1083 is divided by 65.
43
What is the remainder when 4771 is divided by 1588?
7
Calculate the remainder when 308 is divided by 12.
8
What is the remainder when 320 is divided by 22?
12
What is the remainder when 198 is divided by 51?
45
What is the remainder when 1403 is divided by 92?
23
What is the remainder when 733 is divided by 105?
103
Calculate the remainder when 17194 is divided by 1432.
10
What is the remainder when 1637 is divided by 91?
90
What is the remainder when 132 is divided by 45?
42
Calculate the remainder when 21 is divided by 6.
3
What is the remainder when 115 is divided by 17?
13
What is the remainder when 2166 is divided by 240?
6
Calculate the remainder when 110 is divided by 34.
8
What is the remainder when 1008 is divided by 218?
136
What is the remainder when 161 is divided by 55?
51
What is the remainder when 9188 is divided by 4593?
2
Calculate the remainder when 557 is divided by 17.
13
What is the remainder when 298 is divided by 76?
70
Calculate the remainder when 31 is divided by 3.
1
What is the remainder when 25 is divided by 4?
1
What is the remainder when 177 is divided by 13?
8
Calculate the remainder when 97 is divided by 61.
36
What is the remainder when 126 is divided by 35?
21
Calculate the remainder when 19325 is divided by 16.
13
What is the remainder when 4158 is divided by 16?
14
What is the remainder when 54 is divided by 12?
6
Calculate the remainder when 944 is divided by 139.
110
Calculate the remainder when 86 is divided by 2.
0
Calculate the remainder when 1321 is divided by 424.
49
Calculate the remainder when 78 is divided by 14.
8
What is the remainder when 83 is divided by 41?
1
Calculate the remainder when 855 is divided by 86.
81
Calculate the remainder when 45 is divided by 33.
12
Calculate the remainder when 273 is divided by 202.
71
Calculate the remainder when 149 is divided by 19.
16
Calculate the remainder when 1278 is divided by 40.
38
What is the remainder when 2079 is divided by 75?
54
What is the remainder when 1162 is divided by 383?
13
What is the remainder when 34 is divided by 20?
14
What is the remainder when 19 is divided by 6?
1
What is the remainder when 6270 is divided by 196?
194
Calculate the remainder when 1214 is divided by 44.
26
Calculate the remainder when 2029 is divided by 35.
34
What is the remainder when 186 is divided by 27?
24
What is the remainder when 642 is divided by 93?
84
Calculate the remainder when 1347 is divided by 26.
21
What is the remainder when 1120 is divided by 85?
15
What is the remainder when 416 is divided by 14?
10
What is the remainder when 334 is divided by 310?
24
Calculate the remainder when 399 is divided by 139.
121
Calculate the remainder when 3714 is divided by 48.
18
What is the remainder when 204 is divided by 56?
36
Calculate the remainder when 16589 is divided by 210.
209
What is the remainder when 1437 is divided by 72?
69
What is the remainder when 6388 is divided by 3187?
14
Calculate the remainder when 263 is divided by 86.
5
What is the remainder when 197 is divided by 50?
47
Calculate the remainder when 371 is divided by 124.
123
What is the remainder when 709 is divided by 9?
7
Calculate the remainder when 1065 is divided by 69.
30
What is the remainder when 369 is divided by 27?
18
Calculate the remainder when 1738 is divided by 116.
114
What is the remainder when 301 is divided by 19?
16
What is the remainder when 1537 is divided by 11?
8
What is the remainder when 6057 is divided by 30?
27
Calculate the remainder when 118 is divided by 42.
34
Calculate the remainder when 275 is divided by 88.
11
What is the remainder when 2922 is divided by 9?
6
Calculate the remainder when 37 is divided by 7.
2
Calculate the remainder when 5905 is divided by 1475.
5
What is the remainder when 5715 is divided by 62?
11
Calculate the remainder when 40 is divided by 3.
1
What is the remainder when 315 is divided by 120?
75
Calculate the remainder when 192 is divided by 97.
95
What is the remainder when 233 is divided by 47?
45
What is the remainder when 37 is divided by 18?
1
What is the remainder when 195 is divided by 181?
14
Calculate the remainder when 319 is divided by 13.
7
What is the remainder when 3456 is divided by 1727?
2
What is the remainder when 426 is divided by 89?
70
Calculate the remainder when 876 is divided by 149.
131
Calculate the remainder when 1570 is divided by 144.
130
Calculate the remainder when 134 is divided by 15.
14
What is the remainder when 178 is divided by 27?
16
Calculate the remainder when 1757 is divided by 199.
165
Calculate the remainder when 4154 is divided by 18.
14
What is the remainder when 46 is divided by 39?
7
What is the remainder when 3808 is divided by 15?
13
Calculate the remainder when 1787 is divided by 52.
19
What is the remainder when 90 is divided by 46?
44
Calculate the remainder when 877 is divided by 8.
5
What is the remainder when 22 is divided by 6?
4
What is the remainder when 876 is divided by 31?
8
What is the remainder when 148